nder when 1323898 is divided by 441183.
349
Calculate the remainder when 2735255 is divided by 683810.
15
What is the remainder when 25853 is divided by 1199?
674
Calculate the remainder when 503465458 is divided by 23.
12
Calculate the remainder when 189892 is divided by 12.
4
Calculate the remainder when 13038929 is divided by 62.
19
What is the remainder when 126827 is divided by 24884?
2407
Calculate the remainder when 180091600 is divided by 903.
892
Calculate the remainder when 55305 is divided by 1753.
962
Calculate the remainder when 129149 is divided by 25189.
3204
What is the remainder when 14377961 is divided by 3551?
3513
What is the remainder when 331924416 is divided by 137?
131
Calculate the remainder when 62697748 is divided by 40.
28
Calculate the remainder when 304633 is divided by 2606.
2337
What is the remainder when 25644 is divided by 8298?
750
What is the remainder when 144519 is divided by 28896?
39
Calculate the remainder when 1274229 is divided by 1273744.
485
Calculate the remainder when 20059607 is divided by 37706.
15
Calculate the remainder when 3845596 is divided by 58.
22
What is the remainder when 175732187 is divided by 173?
171
Calculate the remainder when 884436 is divided by 4076.
4020
What is the remainder when 6535308 is divided by 515?
473
Calculate the remainder when 255093 is divided by 127078.
937
What is the remainder when 3842852 is divided by 54?
50
Calculate the remainder when 281849 is divided by 290.
259
What is the remainder when 1783222 is divided by 2501?
9
What is the remainder when 217966 is divided by 1577?
340
What is the remainder when 100163650 is divided by 29408?
2
Calculate the remainder when 776985 is divided by 5.
0
What is the remainder when 823984 is divided by 117712?
0
What is the remainder when 2677517 is divided by 250?
17
Calculate the remainder when 25823089 is divided by 92.
69
Calculate the remainder when 2289022 is divided by 762915.
277
What is the remainder when 18857301 is divided by 17050?
1
What is the remainder when 483732 is divided by 7677?
81
What is the remainder when 1987079 is divided by 21138?
107
Calculate the remainder when 253682 is divided by 25265.
1032
Calculate the remainder when 2864132 is divided by 742.
12
Calculate the remainder when 582805 is divided by 61.
11
Calculate the remainder when 206204 is divided by 51515.
144
Calculate the remainder when 36218696 is divided by 36.
32
Calculate the remainder when 7296 is divided by 1822.
8
Calculate the remainder when 3610603 is divided by 401154.
217
Calculate the remainder when 87037509 is divided by 11.
9
Calculate the remainder when 1968308 is divided by 86.
26
Calculate the remainder when 818462 is divided by 4100.
2562
Calculate the remainder when 298993012 is divided by 65814.
10
What is the remainder when 1235828 is divided by 154476?
20
Calculate the remainder when 618615 is divided by 21.
18
What is the remainder when 2799115 is divided by 2934?
79
What is the remainder when 1112519 is divided by 4363?
4317
What is the remainder when 318241 is divided by 2209?
145
Calculate the remainder when 765855952 is divided by 87.
85
What is the remainder when 1002381 is divided by 165?
6
Calculate the remainder when 44680053 is divided by 254.
183
Calculate the remainder when 400330 is divided by 934.
578
What is the remainder when 108611 is divided by 372?
359
What is the remainder when 137792 is divided by 137786?
6
Calculate the remainder when 38979840 is divided by 132.
108
What is the remainder when 1871713 is divided by 3766?
11
What is the remainder when 39319 is divided by 6871?
4964
What is the remainder when 32748 is divided by 16181?
386
Calculate the remainder when 283634 is divided by 2887.
708
What is the remainder when 2418633 is divided by 3421?
3407
What is the remainder when 101021207 is divided by 136?
135
What is the remainder when 33091971 is divided by 5983?
5981
What is the remainder when 8387189 is divided by 270552?
77
What is the remainder when 54423073 is divided by 525?
523
What is the remainder when 6278132 is divided by 11519?
277
Calculate the remainder when 41238430 is divided by 29.
24
What is the remainder when 294552 is divided by 54?
36
What is the remainder when 1473220 is divided by 736602?
16
What is the remainder when 9342387 is divided by 375?
12
Calculate the remainder when 664117 is divided by 199.
54
What is the remainder when 278803 is divided by 152?
35
Calculate the remainder when 4427046 is divided by 1534.
1456
What is the remainder when 2815922 is divided by 1461?
575
Calculate the remainder when 355354 is divided by 11995.
7499
Calculate the remainder when 229110 is divided by 649.
13
What is the remainder when 75565 is divided by 9457?
9366
Calculate the remainder when 5155954 is divided by 897.
895
Calculate the remainder when 290586 is divided by 1002.
6
What is the remainder when 3013484 is divided by 310?
284
Calculate the remainder when 6607224 is divided by 1364.
8
Calculate the remainder when 344004 is divided by 219.
174
Calculate the remainder when 1471596 is divided by 7249.
49
Calculate the remainder when 41308422 is divided by 559.
558
What is the remainder when 160687 is divided by 87?
85
What is the remainder when 342842 is divided by 85043?
2670
What is the remainder when 1636920 is divided by 87?
15
What is the remainder when 1226502 is divided by 38?
14
What is the remainder when 110086669 is divided by 5?
4
Calculate the remainder when 213298 is divided by 90.
88
Calculate the remainder when 2044719 is divided by 3460.
3319
Calculate the remainder when 143977 is divided by 770.
757
Calculate the remainder when 5021550 is divided by 24736.
142
What is the remainder when 157191 is divided by 157155?
36
What is the remainder when 347570639 is divided by 11280?
11279
Calculate the remainder when 13067516 is divided by 50.
16
What is the remainder when 17488677 is divided by 120?
117
What is the remainder when 3939648 is divided by 1813?
1812
What is the remainder when 27614519 is divided by 2382?
2375
Calculate the remainder when 530070 is divided by 5639.
4
What is the remainder when 29540571 is divided by 7385136?
27
Calculate the remainder when 83042739 is divided by 220.
219
Calculate the remainder when 995778 is divided by 66206.
2688
What is the remainder when 477520 is divided by 412?
12
Calculate the remainder when 2048646 is divided by 698.
16
What is the remainder when 5023902 is divided by 2511798?
306
What is the remainder when 35880822 is divided by 2072?
2070
Calculate the remainder when 267615 is divided by 1407.
285
Calculate the remainder when 13328342 is divided by 217.
202
Calculate the remainder when 277688956 is divided by 122.
120
Calculate the remainder when 3151600 is divided by 33888.
16
What is the remainder when 284163 is divided by 24?
3
What is the remainder when 312489 is divided by 312450?
39
Calculate the remainder when 18113420 is divided by 62460.
20
Calculate the remainder when 821188 is divided by 582.
568
Calculate the remainder when 556573 is divided by 147.
31
Calculate the remainder when 11189438 is divided by 22.
18
What is the remainder when 1586331 is divided by 48069?
54
Calculate the remainder when 50457 is divided by 2552.
1969
What is the remainder when 993080 is divided by 1195?
35
What is the remainder when 9558 is divided by 712?
302
What is the remainder when 1240424 is divided by 1169?
115
What is the remainder when 105933 is divided by 397?
331
Calculate the remainder when 2605327 is divided by 945.
907
Calculate the remainder when 4719898 is divided by 474.
280
Calculate the remainder when 191183 is divided by 1376.
1295
Calculate the remainder when 74511007 is divided by 494.
493
Calculate the remainder when 611728 is divided by 40734.
718
Calculate the remainder when 281406 is divided by 1580.
166
Calculate the remainder when 5142458 is divided by 1714151.
5
What is the remainder when 130535 is divided by 746?
731
What is the remainder when 656297 is divided by 237?
44
Calculate the remainder when 597477 is divided by 27.
21
Calculate the remainder when 876574 is divided by 64.
30
What is the remainder when 208489 is divided by 208326?
163
Calculate the remainder when 2867330 is